{"id":142,"date":"2014-01-14T10:55:29","date_gmt":"2014-01-14T10:55:29","guid":{"rendered":"http:\/\/www.ouloiret.fr\/crocq\/?page_id=142"},"modified":"2014-01-16T15:51:59","modified_gmt":"2014-01-16T15:51:59","slug":"le-centre","status":"publish","type":"page","link":"https:\/\/www.centres-ouloiret.fr\/crocq\/le-centre","title":{"rendered":"Le Centre"},"content":{"rendered":"<p>&nbsp;<\/p>\n<p><iframe loading=\"lazy\" title=\"Un sejour a Crocq\" src=\"https:\/\/player.vimeo.com\/video\/84138895?dnt=1&amp;app_id=122963\" width=\"800\" height=\"450\" frameborder=\"0\" allow=\"autoplay; fullscreen; picture-in-picture; clipboard-write\"><\/iframe><\/p>\n<p>Cette vid\u00e9o est \u00e0 votre disposition au si\u00e8ge de l&rsquo;OUL sur un support DVD (ainsi que toutes les fiches d&rsquo;activit\u00e9s propos\u00e9es durant les s\u00e9jours)<\/p>\n","protected":false},"excerpt":{"rendered":"<p>&nbsp; Cette vid\u00e9o est \u00e0 votre disposition au si\u00e8ge de l&rsquo;OUL sur un support DVD (ainsi que toutes les fiches d&rsquo;activit\u00e9s propos\u00e9es durant les s\u00e9jours)<\/p>\n","protected":false},"author":2,"featured_media":0,"parent":0,"menu_order":0,"comment_status":"closed","ping_status":"closed","template":"","meta":{"footnotes":""},"class_list":["post-142","page","type-page","status-publish","hentry"],"_links":{"self":[{"href":"https:\/\/www.centres-ouloiret.fr\/crocq\/wp-json\/wp\/v2\/pages\/142","targetHints":{"allow":["GET"]}}],"collection":[{"href":"https:\/\/www.centres-ouloiret.fr\/crocq\/wp-json\/wp\/v2\/pages"}],"about":[{"href":"https:\/\/www.centres-ouloiret.fr\/crocq\/wp-json\/wp\/v2\/types\/page"}],"author":[{"embeddable":true,"href":"https:\/\/www.centres-ouloiret.fr\/crocq\/wp-json\/wp\/v2\/users\/2"}],"replies":[{"embeddable":true,"href":"https:\/\/www.centres-ouloiret.fr\/crocq\/wp-json\/wp\/v2\/comments?post=142"}],"version-history":[{"count":7,"href":"https:\/\/www.centres-ouloiret.fr\/crocq\/wp-json\/wp\/v2\/pages\/142\/revisions"}],"predecessor-version":[{"id":146,"href":"https:\/\/www.centres-ouloiret.fr\/crocq\/wp-json\/wp\/v2\/pages\/142\/revisions\/146"}],"wp:attachment":[{"href":"https:\/\/www.centres-ouloiret.fr\/crocq\/wp-json\/wp\/v2\/media?parent=142"}],"curies":[{"name":"wp","href":"https:\/\/api.w.org\/{rel}","templated":true}]}}